f 70588?
2, 7, 2521
What are the prime factors of 22771?
7, 3253
List the prime factors of 147.
3, 7
List the prime factors of 51606.
2, 3, 47, 61
List the prime factors of 602.
2, 7, 43
List the prime factors of 28506.
2, 3, 4751
What are the prime factors of 6864?
2, 3, 11, 13
What are the prime factors of 95056?
2, 13, 457
What are the prime factors of 21666?
2, 3, 23, 157
List the prime factors of 1012.
2, 11, 23
What are the prime factors of 80201?
11, 23, 317
What are the prime factors of 345?
3, 5, 23
List the prime factors of 31704.
2, 3, 1321
What are the prime factors of 39546?
2, 3, 13
List the prime factors of 45127.
45127
List the prime factors of 5879.
5879
List the prime factors of 618.
2, 3, 103
List the prime factors of 8739.
3, 971
List the prime factors of 1258.
2, 17, 37
What are the prime factors of 525?
3, 5, 7
List the prime factors of 9174.
2, 3, 11, 139
List the prime factors of 46302.
2, 3, 7717
What are the prime factors of 118820?
2, 5, 13, 457
List the prime factors of 17542.
2, 7, 179
What are the prime factors of 553?
7, 79
What are the prime factors of 38930?
2, 5, 17, 229
What are the prime factors of 49591?
101, 491
What are the prime factors of 44202?
2, 3, 53, 139
What are the prime factors of 1327?
1327
What are the prime factors of 200?
2, 5
List the prime factors of 39876.
2, 3, 3323
What are the prime factors of 100?
2, 5
What are the prime factors of 59630?
2, 5, 67, 89
List the prime factors of 40917.
3, 23, 593
List the prime factors of 42.
2, 3, 7
What are the prime factors of 3994?
2, 1997
List the prime factors of 911.
911
List the prime factors of 23118.
2, 3, 3853
List the prime factors of 1827.
3, 7, 29
What are the prime factors of 1433?
1433
List the prime factors of 26876.
2, 6719
List the prime factors of 2888.
2, 19
List the prime factors of 12896.
2, 13, 31
List the prime factors of 4286.
2, 2143
List the prime factors of 7374.
2, 3, 1229
What are the prime factors of 6571?
6571
What are the prime factors of 3455?
5, 691
What are the prime factors of 105415?
5, 29, 727
What are the prime factors of 72711?
3, 2693
List the prime factors of 863.
863
List the prime factors of 120462.
2, 3, 17, 1181
What are the prime factors of 6305?
5, 13, 97
What are the prime factors of 134367?
3, 44789
List the prime factors of 3569.
43, 83
List the prime factors of 1584.
2, 3, 11
List the prime factors of 514.
2, 257
List the prime factors of 543.
3, 181
What are the prime factors of 1429?
1429
List the prime factors of 2338.
2, 7, 167
List the prime factors of 8405.
5, 41
List the prime factors of 20392.
2, 2549
List the prime factors of 2247.
3, 7, 107
What are the prime factors of 9442?
2, 4721
What are the prime factors of 3574?
2, 1787
What are the prime factors of 26271?
3, 7, 139
List the prime factors of 2838.
2, 3, 11, 43
List the prime factors of 4703.
4703
List the prime factors of 243.
3
What are the prime factors of 4583?
4583
List the prime factors of 2007.
3, 223
What are the prime factors of 65?
5, 13
What are the prime factors of 1927?
41, 47
List the prime factors of 1202.
2, 601
What are the prime factors of 1309?
7, 11, 17
What are the prime factors of 5207?
41, 127
List the prime factors of 34892.
2, 11, 13, 61
List the prime factors of 13188.
2, 3, 7, 157
What are the prime factors of 69561?
3, 59, 131
What are the prime factors of 15908?
2, 41, 97
List the prime factors of 84635.
5, 16927
What are the prime factors of 112?
2, 7
List the prime factors of 339.
3, 113
What are the prime factors of 477?
3, 53
List the prime factors of 60.
2, 3, 5
What are the prime factors of 1243?
11, 113
What are the prime factors of 44574?
2, 3, 17, 19, 23
What are the prime factors of 556?
2, 139
What are the prime factors of 2254?
2, 7, 23
List the prime factors of 2988.
2, 3, 83
What are the prime factors of 5068?
2, 7, 181
What are the prime factors of 55666?
2, 13, 2141
List the prime factors of 1119.
3, 373
List the prime factors of 7861.
7, 1123
What are the prime factors of 23575?
5, 23, 41
What are the prime factors of 2325?
3, 5, 31
What are the prime factors of 20831?
37, 563
List the prime factors of 103934.
2, 157, 331
List the prime factors of 3221.
3221
List the prime factors of 342.
2, 3, 19
List the prime factors of 2433.
3, 811
List the prime factors of 61.
61
List the prime factors of 69917.
139, 503
List the prime factors of 6590.
2, 5, 659
List the prime factors of 39734.
2, 19867
List the prime factors of 4727.
29, 163
What are the prime factors of 373?
373
What are the prime factors of 15953?
7, 43, 53
List the prime factors of 2123.
11, 193
List the prime factors of 21221.
21221
What are the prime factors of 3190?
2, 5, 11, 29
What are the prime factors of 3830?
2, 5, 383
List the prime factors of 8445.
3, 5, 563
List the prime factors of 7453.
29, 257
List the prime factors of 1406.
2, 19, 37
What are the prime factors of 53230?
2, 5, 5323
What are the prime factors of 2908?
2, 727
What are the prime factors of 47769?
3, 15923
What are the prime factors of 2100?
2, 3, 5, 7
What are the prime factors of 4910?
2, 5, 491
What are the prime factors of 3886?
2, 29, 67
List the prime factors of 14243.
14243
What are the prime factors of 184?
2, 23
List the prime factors of 6242.
2, 3121
What are the prime factors of 17675?
5, 7, 101
What are the prime factors of 12093?
3, 29, 139
What are the prime factors of 30256?
2, 31, 61
What are the prime factors of 3209?
3209
List the prime factors of 4453.
61, 73
List the prime factors of 27979.
7, 571
What are the prime factors of 6705?
3, 5, 149
What are the prime factors of 37092?
2, 3, 11, 281
What are the prime factors of 46886?
2, 7, 17, 197
List the prime factors of 949.
13, 73
What are the prime factors of 1456?
2, 7, 13
What are the prime factors of 36870?
2, 3, 5, 1229
What are the prime factors of 2083?
2083
List the prime factors of 5388.
2, 3, 449
What are the prime factors of 427?
7, 61
List the prime factors of 80565.
3, 5, 41, 131
List the prime factors of 11384.
2, 1423
List the prime factors of 825.
3, 5, 11
List the prime factors of 78446.
2, 61, 643
List the prime factors of 12012.
2, 3, 7, 11, 13
What are the prime factors of 8410?
2, 5, 29
What are the prime factors of 59412?
2, 3, 4951
List the prime factors of 52551.
3, 5839
What are the prime factors of 6157?
47, 131
What are the prime factors of 1689?
3, 563
What are the prime factors of 40347?
3, 4483
What are the prime factors of 2990?
2, 5, 13, 23
List the prime factors of 1605.
3, 5, 107
What are the prime factors of 91492?
2, 89, 257
List the prime factors of 3171.
3, 7, 151
What are the prime factors of 1273?
19, 67
What are the prime factors of 23551?
11, 2141
What are the prime factors of 6822?
2, 3, 379
What are the prime factors of 29056?
2, 227
List the prime factors of 64495.
5, 12899
List the prime factors of 10589.
10589
What are the prime factors of 5297?
5297
List the prime factors of 91669.
29, 109
What are the prime factors of 1650?
2, 3, 5, 11
What are the prime factors of 45928?
2, 5741
What are the prime factors of 7391?
19, 389
List the prime factors of 1936.
2, 11
What are the prime factors of 10128?
2, 3, 211
What are the prime factors of 12119?
12119
List the prime factors of 346.
2, 173
List the prime factors of 9735.
3, 5, 11, 59
List the prime factors of 2389.
2389
What are the prime factors of 16602?
2, 3, 2767
List the prime factors of 7202.
2, 13, 277
List the prime factors of 43490.
2, 5, 4349
What are the prime factors of 1935?
3, 5, 43
What are the prime factors of 937?
937
What are the prime factors of 2667?
3, 7, 127
What are the prime factors of 152029?
152029
What are the prime factors of 56631?
3, 43, 439
What are the prime factors of 7751?
23, 337
What are the prime factors of 97?
97
What are the prime factors of 83648?
2, 1307
What are the prime factors of 4049?
4049
What are the prime factors of 85822?
2, 11, 47, 83
What are the prime factors of 1558?
2, 19, 41
List the prime factors of 4935.
3, 5, 7, 47
List the prime factors of 4167.
3, 463
What are the prime factors of 5555?
5, 11, 101
List the prime factors of 2100.
2, 3, 5, 7
List the prime factors of 24321.
3, 11, 67
List the prime factors of 36222.
2, 3, 6037
L